. What is the hundreds digit of k?
3
Let n(s) = 170*s + 902. What is the hundreds digit of n(28)?
6
Suppose 0 = -13*p + 17*p - 3*v - 26, -33 = -5*p + 4*v. Suppose 5*w - n = 3930 - 823, -3113 = -p*w - n. What is the tens digit of w?
2
Let d = -17239 + 32423. What is the units digit of d?
4
Let m = 17 + -22. What is the units digit of (m - (-5265)/18) + (-1)/(-2)?
8
Let v = 14 + -12. Suppose 4*x = -v*x + 12. Suppose 0 = -x*u + 34 + 150. What is the units digit of u?
2
Let t = 4315 - -13441. What is the hundreds digit of t?
7
Let i(h) = -h**2 + 16*h + 13. Let d be i(17). Let a be d/((20/(-34))/5). Suppose -66 = -5*n + a. What is the tens digit of n?
2
Suppose 9*h + 1235 = 22*h. Suppose -h = -7*k + 59. What is the tens digit of k?
2
Suppose 18*r - 16*r - 8814 = -s, s = 4*r + 8814. What is the tens digit of s?
1
Let l = 63 - 63. Suppose -p + l*p = -5. Suppose -1079 = -p*v + 4*k, 856 = 4*v - 9*k + 4*k. What is the units digit of v?
9
Suppose y + 93498 = 3*w, 73*w + 93534 = 76*w + 5*y. What is the hundreds digit of w?
1
Let q(i) = i**2 - 7*i + 12. Let a be q(4). Suppose 9*n - 24*n + 3900 = a. What is the hundreds digit of n?
2
Suppose -59*j = 28*j - 1846906 + 660139. What is the ten thousands digit of j?
1
Suppose 6*k - 5*g - 38536 = 3*k, k + 9*g - 12888 = 0. What is the tens digit of k?
5
Suppose -3*v + v + 28 = 2*h, 3*v = 0. Suppose h*z + 765 = 23*z. Suppose 1643 = 8*c - z. What is the tens digit of c?
1
Suppose 0 = -23*i - 115 + 598. Suppose 0 = -w - t + 577, 25*w + 2*t = i*w + 2318. What is the tens digit of w?
8
Let s = -530 + 953. Suppose 20*u - 23*u = -s. What is the units digit of u?
1
Let f(a) = 3*a**2 + 26*a - 1. Let p(o) = 2*o**2 + 26*o - 1. Let n(k) = -3*f(k) + 4*p(k). Let t(x) = 9*x - 14. Let h be t(4). What is the tens digit of n(h)?
8
Suppose 5955 = -10*m + 58885. What is the tens digit of m?
9
Let f be 12/(-15)*(-10395)/18. Suppose f = 11*h - 550. What is the units digit of h?
2
Let l = 35387 + -24111. What is the thousands digit of l?
1
Let h = 70 + -90. What is the tens digit of (108/h + 6)*1395?
3
What is the thousands digit of 1932/115*(-2 - -3207)?
3
Suppose -14863 - 439493 = -54*p. What is the tens digit of p?
1
Let d = -59 - -62. Suppose 4*u + 14 = 5*k + 5, u - d*k - 3 = 0. What is the units digit of (-2 - u)/(4/76)?
6
Let u = -12187 + 27856. What is the units digit of u?
9
Suppose -36282 = -4*p - 3*v, -4*p + 24*v - 19*v + 36330 = 0. What is the tens digit of p?
7
Let i = -9498 + 16035. What is the thousands digit of i?
6
Let t be (-5*(-54)/(-225))/((-3)/500). Suppose -4*g - t = a - 3*a, 5 = -5*g. What is the units digit of a?
8
Let b(h) = 3*h**2 - h - 30. Let g(t) = -4*t**2 + t + 45. Let v(w) = 7*b(w) + 5*g(w). Let l = -3455 - -3445. What is the units digit of v(l)?
5
Let m = -2596 + 2946. Suppose 10 = 4*v - 2*w + 4*w, -4*v + 4*w = -4. Suppose 32 = -v*y + 2*h + m, 2*y - 318 = 4*h. What is the tens digit of y?
5
Let z = 443 + -146. Let f = -255 + z. What is the tens digit of f?
4
Let d be (60/(-35))/(4*4/(-56)). Suppose 2*r - d*r + 1628 = 3*v, -5*v = -r + 384. What is the tens digit of r?
0
Let v(d) = 8*d - 7. Let k be v(-4). Let p = k - -41. What is the tens digit of ((-1)/p)/((-1)/40)?
2
What is the tens digit of (-14567)/(-9) - ((-4)/(-48))/(18/(-96))?
1
What is the hundreds digit of (-195 - -190)/((-10)/5422)?
7
Let j = 16240 - -600. What is the hundreds digit of j?
8
Suppose 2*j - h = 73 - 382, -2*h = 5*j + 750. Let x(t) = t - 4. Let b be x(9). What is the units digit of (2 - b/2)*j?
6
Suppose -6*g + 5*u = -4*g - 29, 20 = -4*u. Suppose -g*x = 2*a - 1036, 2*a + 1042 = 4*a - x. What is the units digit of a?
0
Let g = -3806 - -4123. What is the units digit of g?
7
Suppose 38*x + 3843 = 41*x. Let p = x + -578. What is the units digit of p?
3
Let u(q) = -2*q**2 - 62*q + 2. Let w be u(-31). Suppose -2272 = -5*i - 0*y - y, 4*i - w*y = 1826. What is the tens digit of i?
5
Suppose -115*l + 11*l + 1130450 + 53174 = 0. What is the tens digit of l?
8
Let r(u) = u**3 + 8*u**2 + 8*u + 8. Let k be 7/(3*(-5)/15). Let b be r(k). What is the tens digit of (-2 - -3*25)/b?
7
Let n(m) = -m**3 + 22*m + 9848. What is the tens digit of n(0)?
4
Suppose 5 + 9 = -2*c. Let a = 14 + c. Suppose a*t - 8*t = -35. What is the units digit of t?
5
Let p(z) = 6072*z - 508. What is the units digit of p(6)?
4
Suppose -31*d + 143548 = 37*d. What is the hundreds digit of d?
1
Suppose 0 = -4*m - x + 13, -4*x + 4 = 4*m - 12. Suppose m*z + 91 = -101. Let n = z + 153. What is the tens digit of n?
8
Let n be 8 + (4 + -1 - 2). Let j(m) = -6*m**2 + 35*m + 8. Let g be j(6). Suppose 3*x - n = 0, -g*d - 2*x - x + 139 = 0. What is the tens digit of d?
6
Suppose 0 = 11*g - 18 - 4. Suppose g*z - 4434 = -z. What is the thousands digit of z?
1
Let k = -7911 + 25838. What is the hundreds digit of k?
9
Let a(m) = -m**3 + 129*m**2 - 132*m - 82. What is the hundreds digit of a(126)?
9
What is the units digit of 3*1/(-4)*-34667*(-20)/(-15)?
7
Let k = 253 - 214. Let j(g) = -2*g**2 + 92*g - 38. What is the hundreds digit of j(k)?
5
Let f be (2/12)/((-2)/(-24)). Suppose 0 = -2*h + 2*r + 878, f*h - 554 = -2*r + 316. What is the hundreds digit of h?
4
Let r(n) be the second derivative of n**6/80 - 11*n**5/24 + 49*n**4/12 + 43*n. Let q(p) be the third derivative of r(p). What is the tens digit of q(11)?
4
Let x be 2/((-2)/1) - -200. Let t = -92 + x. Let w = 7 + t. What is the hundreds digit of w?
1
Let s(h) = -7*h + 35. Let j be s(10). Let l be j/(-25)*32 - 1/(-5). Let d = l - -193. What is the hundreds digit of d?
2
Suppose 0 = -4*g + 18*g - 294. Let f(l) = l**3 - 20*l**2 + 6*l + 9. What is the hundreds digit of f(g)?
5
Suppose 2*r + 0*g - 5*g + 25 = 0, -3*r + 3*g = 15. Suppose -5*h + 26 - 21 = r. What is the tens digit of (-2)/(0 - (-4)/(-82))*h?
4
Let a(f) = 5*f**2 + 203*f - 260. What is the units digit of a(-57)?
4
Suppose -31*s - 307346 = -57*s. What is the tens digit of s?
2
Let f = -63363 + 90142. What is the hundreds digit of f?
7
Suppose 0 = 12*v - 13*v + 47. Let y be v*1 + (-5)/(30/12). Suppose 0 = 4*m - y - 219. What is the tens digit of m?
6
Let b(l) = -7*l - 48. Let v be b(-7). What is the hundreds digit of 9084/16 + ((-20)/(-16) - v)?
5
Let c = -34 - -58. Suppose 0 = -5*k + c*k - 7277. What is the units digit of k?
3
Let w(g) = -2*g**3 + 7*g**2 - 35*g + 6. What is the thousands digit of w(-11)?
3
Suppose -25*c = -28*c + 9. Let q be 1050 - (c + -3 - -2). What is the tens digit of q/56 + 4/14?
1
Let j = 6 - 7. Let g be 4/(-38) + 6*(-28)/(-152). What is the units digit of 1 + j + 147/g?
7
Suppose 5*j - 5*q - 26755 = 0, 297*q + 21384 = 4*j + 298*q. What is the tens digit of j?
4
What is the tens digit of 715 + 1 - -6 - (6 + -3)?
1
Suppose -4*h = 2*g - 18, 0 = -13*g + 11*g + 4*h - 22. Let p(j) = 6*j - 4*j - 3*j + 98*j**2. What is the tens digit of p(g)?
9
Let i = -83 - -69. Let d(w) = -w**2 - 40*w - 25. What is the units digit of d(i)?
9
Let k(y) = -18*y**3 - 13*y**2 - 191*y - 4. What is the ten thousands digit of k(-10)?
1
Let b(h) = h**3 + 28*h**2 - 92*h - 65. What is the thousands digit of b(-18)?
4
Suppose 454*a - 110418 = 432*a. What is the units digit of a?
9
Let f = 5724 - 2190. What is the units digit of f?
4
Let w = 21230 + -13899. What is the hundreds digit of w?
3
Let d(w) = -1901*w - 1974. What is the units digit of d(-6)?
2
Let c = 158 - 97. Let k = c - 26. What is the units digit of k?
5
Let u(r) = 2*r**2 + 23*r - 11*r - 2 - 19*r. Let x = -9 + 13. What is the units digit of u(x)?
2
Suppose m - 781 = 936. Suppose -275 = -2*w - 4*j + m, -1017 = -w + 5*j. What is the thousands digit of w?
1
Suppose -4*b + 358 + 342 = 0. Suppose 326 = -3*k + 5*t, 4 = t + 3. Let x = b + k. What is the tens digit of x?
6
Let f be 5/(-2) + 13/2. Suppose 2*h = -0*h + 50. Suppose -f*u + h = -3*u. What is the units digit of u?
5
Suppose -1319*n = -1290*n - 344549. What is the ten thousands digit of n?
1
Suppose -18*c + 13*c = -30. Let f be (1/1)/(c/(36/3)). What is the tens digit of (-3)/36*-6 + 281/f?
4
Suppose -7*x = -10*x + 12. Let a = x + 2. Let s(l) = -l**3 + 7*l**2 + 3*l + 1. What is the tens digit of s(a)?
5
Let j(a) = -3*a**2 + a**2 + 3 + 9 + 3*a**2 + 7*a. Let q be j(-8). What is the units digit of (-2 - (-64)/5)/(2/q)?
8
Let a(d) = 447*d - 891*d - 3*d**2 + 40*d**3 + 1 - 6 + 450